 -14 + 25. Calculate the highest common factor of 44 and m.
11
Suppose 3*j = -l + 17, 0*j - 55 = -5*l - 5*j. Suppose -3*y - 4*b + 6 + 22 = 0, -4*y - 4*b = -36. Calculate the greatest common divisor of y and l.
8
Suppose 3*m + 0*m = 9. Suppose -18 - 42 = -m*x - 5*t, 0 = 4*t + 12. What is the greatest common divisor of x and 225?
25
Let j be 24/9 + (-2)/3. Suppose 7*u - 2*u + y - 42 = 0, -5*u - j*y = -39. Let q be (u/2 + 0)*20. What is the greatest common factor of q and 18?
18
Suppose 0 = -2*l + 35 - 31. Suppose -o - 3*o = -8. Suppose l*v = -o*v + 72. What is the greatest common divisor of 126 and v?
18
Suppose l = -2*l + 9. Let x = 0 + l. Suppose -5*r + 2 = -4*r. What is the highest common factor of x and r?
1
Let f be (-1 - (-84)/15) + (-18)/30. What is the highest common factor of 36 and f?
4
Let l = -468 - -765. Calculate the greatest common divisor of l and 33.
33
Let i be 3/(2 - 5) - -7. Calculate the highest common divisor of 24 and i.
6
Let v = -68 + 71. What is the highest common factor of v and 1?
1
Let x = 400 + -240. Let b(q) = q**2 + 13*q - 22. Let s be b(-15). Suppose 20 = s*p - 7*p. Calculate the highest common divisor of x and p.
20
Suppose 5*p - 24 - 36 = 0. Suppose 22*b = 21*b + p. Calculate the highest common factor of b and 18.
6
Let c be -4 + 4*(-8)/(-2). What is the greatest common factor of 8 and c?
4
Let s be (1 + 5)/((12/(-42))/(-1)). Calculate the greatest common factor of s and 14.
7
Let w(p) = -1 + 6*p + 0 + 4. Let v be w(10). What is the highest common divisor of 7 and v?
7
Let h = 14 + -11. What is the highest common divisor of h and 3?
3
Suppose 0 = -3*v + 236 + 52. Calculate the highest common factor of v and 24.
24
Let p be 78 - (-1 + (4 - 0)). Calculate the greatest common divisor of 30 and p.
15
Let f(l) = 2*l**2 + 3*l + 4. Let s be f(-3). Let r = 8 + s. Calculate the highest common factor of 189 and r.
21
Let y = 43 - 22. Let s(n) = n**3 + 12*n**2 + 8*n - 3. Let u be s(-8). What is the highest common divisor of y and u?
21
Let l = -188 - -191. What is the greatest common factor of 1 and l?
1
Let r(p) = -p**3 - 13*p**2 - 4*p - 26. Let n be r(-13). What is the highest common factor of 234 and n?
26
Suppose 0 = -5*y - 3 + 603. Suppose y = 2*o + 2*o. Calculate the highest common divisor of o and 10.
10
Let i be ((-3)/6)/((-2)/212). Suppose 5*r - i - 122 = 0. Let n(s) = -s + 14. Let l be n(0). Calculate the greatest common factor of l and r.
7
Let w be 120 + 1*0/((-3)/1). Calculate the greatest common divisor of 40 and w.
40
Suppose -3*l + 4*w + 4 = -18, -4*l - 2*w = 0. Suppose -l*r = -181 - 35. Calculate the highest common divisor of r and 12.
12
Let t(z) = 2*z**2 + z + 1. Let o be t(0). Suppose 2*v - 7 - 15 = 0. What is the greatest common divisor of o and v?
1
Suppose -6*m + 669 = -2*m - 3*n, -167 = -m + n. What is the greatest common divisor of m and 24?
24
Let m = -30 + 35. Let n(t) = -3*t. Let j be n(-5). What is the highest common divisor of j and m?
5
Suppose 3*y = 2*y. Suppose x = -y*u + 2*u - 303, 4*u - x - 609 = 0. Let f(v) = v**2 - v + 5. Let a be f(4). Calculate the greatest common factor of u and a.
17
Let x(k) = 2*k**3 - 2*k + 1. Let h = 1 + 0. Let d be x(h). Calculate the greatest common divisor of d and 3.
1
Let g be 10 + (1 - 0/4). What is the greatest common factor of g and 88?
11
Let k = -31 - -53. Let w be (-4)/10 + k/5. Let x be 2 + -5 - (-180)/w. Calculate the greatest common factor of x and 63.
21
Suppose 5*o - 4*g + g - 31 = 0, 5*o - 4*g = 28. Let x be ((-16)/12)/((-1)/30). Calculate the highest common divisor of x and o.
8
Suppose -5*m - 25 = 4*l - 0, m - 4*l - 19 = 0. Let p be (2/(-3)*3)/m. Let f be 1*(4*1 - 2). Calculate the greatest common divisor of p and f.
2
Suppose -m - 2*l + 10 = 0, 5*m + 4*l - 8*l - 8 = 0. Let n be (6/4)/(21/56). What is the greatest common divisor of m and n?
4
Let f be -2 - (-4 - -2 - 11). Let q be (-6)/(-2)*(-3)/9. Let y be 3*f - q/(-1). What is the highest common factor of y and 4?
4
Let v = 20 + 45. Calculate the highest common divisor of v and 13.
13
Suppose 2*l - 39 = 13. Calculate the highest common divisor of l and 286.
26
Let d = 1 + 5. Suppose d*u - u = 5. Let f = 12 - u. What is the greatest common factor of f and 88?
11
Let f = 17 + -12. Let u = 4 - f. Let t be 29 + 0 + -1 + u. Calculate the greatest common divisor of t and 3.
3
Let k = -82 - -100. Calculate the greatest common divisor of k and 12.
6
Suppose 4*b = 5*b - 3. Suppose -2*a + 14 = -2*g + 62, 0 = -a - b. Let u(y) = -y**3 + 3. Let n be u(0). What is the greatest common divisor of n and g?
3
Let v(b) = -82*b**3 + 2*b**2 - b. Let i be v(1). Let a be i/(-12) + (-2)/(-8). Calculate the highest common factor of 14 and a.
7
Suppose 4*r - i - 1 = 20, 5*i + 21 = -r. Let a = 5 - 3. Let q be 2 + -2*a/4. What is the greatest common divisor of q and r?
1
Let u = 47 - 25. Let x = 8 + 3. Calculate the greatest common divisor of x and u.
11
Suppose -d - 34 = -2*d. Calculate the greatest common divisor of d and 306.
34
Let g(a) = -a**3 - a**2 + a + a**2 + 22. Let b be g(0). Let s be ((-120)/36)/((-2)/33). What is the greatest common divisor of b and s?
11
Let h(f) = 2*f - 10. Let j be h(7). Suppose -1 = 3*b - j. What is the highest common factor of b and 5?
1
Suppose -2*t + 3*t + 4 = 4*h, -16 = -h + 4*t. Suppose h = -5*o + 40 - 15. What is the greatest common factor of o and 25?
5
Let p = -46 - -51. What is the greatest common divisor of p and 55?
5
Suppose 5*a - 173 = 7. Let g be (2/7)/((-9)/21)*-6. What is the highest common divisor of g and a?
4
Suppose 3*h + 32 = 4*h. What is the greatest common divisor of h and 80?
16
Let l = 58 + -50. Let t be ((-4)/6)/(3/(-9)). Suppose -t*u - l = -6*u. Calculate the greatest common divisor of 5 and u.
1
Let v = -494 + 908. What is the highest common factor of v and 46?
46
Let c be (-2)/(-11) - (-72)/(-33). Let k be (10/(-3))/(c/3). Suppose -k*x + x + 5*w = -13, w - 10 = -x. Calculate the greatest common divisor of x and 28.
7
Let w be (6/5)/((-7)/(-175)). Calculate the highest common factor of w and 20.
10
Suppose -2*l + 82 = d - 4*l, 2*l = -3*d + 270. Let g = 2 + 6. Calculate the greatest common factor of d and g.
8
Let r = 12 + 0. Let c(y) = -23*y**2 + y. Let x be c(2). Let j = -54 - x. Calculate the highest common factor of j and r.
12
Suppose -9 = -4*a + 3. Calculate the highest common factor of a and 1.
1
Let k(p) = p + 15. Let i be k(-11). Suppose -27 = -l - d, -l + 18 + 29 = -i*d. What is the highest common divisor of l and 217?
31
Let v = 32 - 19. Let u be 9/(-12)*-4 + -23. Let r be (u/25)/(2/(-260)). What is the greatest common factor of v and r?
13
Let j(k) be the second derivative of -5/2*k**2 + 2*k + 3/2*k**3 + 1/20*k**5 + 0 - 2/3*k**4. Let r be j(7). Calculate the highest common divisor of 63 and r.
9
Let w be (-21)/6*(0 - (-72)/(-14)). Let m(x) = 22*x**2. Let p be m(3). Calculate the greatest common divisor of p and w.
18
Let z(m) = 12*m**2 + m - 4. Let u be z(-2). Calculate the highest common divisor of 98 and u.
14
Let k be 1432/40 + (-1)/(-5). What is the greatest common divisor of 12 and k?
12
Let m(r) = r**3 + 4*r**2 + 2*r. Let t be m(-3). Suppose v - t*v + 8 = 0. What is the greatest common divisor of 28 and v?
4
Suppose -12 - 4 = -z. Suppose -2*q + 4 = -2. Suppose 0 = -q*b, m - 2*b = 3*b + 8. Calculate the highest common divisor of z and m.
8
Let b be 25/2 + (-4)/8. Let l be 0 - 6*42/4. Let d = -39 - l. Calculate the greatest common divisor of d and b.
12
Let d = 19 - 3. What is the greatest common divisor of d and 128?
16
Let b(t) = -t**3 + 7*t**2 - 5*t - 5. Let n be b(6). Let i(r) = 56*r - n + 1. Let z be i(2). Calculate the greatest common divisor of z and 16.
16
Suppose -2*i - 4 + 28 = 0. Let q(s) = -s**3 + 5*s**2 - 6*s + 4. Let g be q(3). What is the highest common divisor of i and g?
4
Suppose 4*f = 5*f - 1195. Suppose 227 = -4*z + f. Calculate the greatest common divisor of z and 22.
22
Suppose -3*v + 6*v - 5*n - 18 = 0, -2*v - 5*n + 12 = 0. Let c be v*(-1 - (-20)/12). What is the greatest common divisor of 16 and c?
4
Let p(b) = -2 + 2 - 14*b + 1. Let f be p(-1). Calculate the highest common divisor of 45 and f.
15
Let o = 4 - 4. Suppose 0*n + 4*n - 8 = o. Suppose u = n + 7. Calculate the highest common factor of 6 and u.
3
Suppose 